{"id":129,"date":"2021-12-13T17:58:09","date_gmt":"2021-12-13T16:58:09","guid":{"rendered":"https:\/\/info.salvatore-s.com\/?post_type=product&#038;p=129"},"modified":"2022-02-22T17:52:25","modified_gmt":"2022-02-22T16:52:25","slug":"cours-5h","status":"publish","type":"product","link":"https:\/\/info.salvatore-s.com\/index.php\/produit\/cours-5h\/","title":{"rendered":"Cours 8h \u00e0 domicile"},"content":{"rendered":"<p>Cours 8h<\/p>\n","protected":false},"excerpt":{"rendered":"<pre style=\"text-align: left;\">Cours complet de cr\u00e9ation de sites Web. La dur\u00e9e est de 8 heures avec une pause d'une heure. \r\nLa m\u00e9thode utilis\u00e9e WordPress. Les th\u00e8mes abord\u00e9s sont: L'h\u00e9bergement. Le nom du domaine. \r\nLa base de donn\u00e9e. L'acc\u00e8s au service provider via interface Web et FTP (Filezilla). La cr\u00e9ation\r\nd'un site simple. La transformation du site simple en e-commerce. La personnalisation du site en codage CSS.<\/pre>\n<p>&nbsp;<\/p>\n","protected":false},"featured_media":422,"comment_status":"open","ping_status":"closed","template":"","meta":[],"product_cat":[21],"product_tag":[],"class_list":["post-129","product","type-product","status-publish","has-post-thumbnail","hentry","product_cat-learning","bookacti-activity"],"yoast_head":"<!-- This site is optimized with the Yoast SEO plugin v18.2 - https:\/\/yoast.com\/wordpress\/plugins\/seo\/ -->\n<title>Cours 8h \u00e0 domicile - Lab Wordpress<\/title>\n<meta name=\"robots\" content=\"noindex, follow, max-snippet:-1, max-image-preview:large, max-video-preview:-1\" \/>\n<meta property=\"og:locale\" content=\"fr_FR\" \/>\n<meta property=\"og:type\" content=\"article\" \/>\n<meta property=\"og:title\" content=\"Cours 8h \u00e0 domicile - Lab Wordpress\" \/>\n<meta property=\"og:description\" content=\"Cours complet de cr\u00e9ation de sites Web. La dur\u00e9e est de 8 heures avec une pause d&#039;une heure.  La m\u00e9thode utilis\u00e9e WordPress. Les th\u00e8mes abord\u00e9s sont: L&#039;h\u00e9bergement. Le nom du domaine.  La base de donn\u00e9e. L&#039;acc\u00e8s au service provider via interface Web et FTP (Filezilla). La cr\u00e9ation d&#039;un site simple. La transformation du site simple en e-commerce. La personnalisation du site en codage CSS. &nbsp;\" \/>\n<meta property=\"og:url\" content=\"https:\/\/info.salvatore-s.com\/index.php\/produit\/cours-5h\/\" \/>\n<meta property=\"og:site_name\" content=\"Lab Wordpress\" \/>\n<meta property=\"article:modified_time\" content=\"2022-02-22T16:52:25+00:00\" \/>\n<meta property=\"og:image\" content=\"https:\/\/info.salvatore-s.com\/wp-content\/uploads\/2021\/12\/virtual-learning-5550480_1920.jpg\" \/>\n\t<meta property=\"og:image:width\" content=\"1920\" \/>\n\t<meta property=\"og:image:height\" content=\"1277\" \/>\n\t<meta property=\"og:image:type\" content=\"image\/jpeg\" \/>\n<meta name=\"twitter:card\" content=\"summary_large_image\" \/>\n<meta name=\"twitter:label1\" content=\"Dur\u00e9e de lecture estim\u00e9e\" \/>\n\t<meta name=\"twitter:data1\" content=\"1 minute\" \/>\n<script type=\"application\/ld+json\" class=\"yoast-schema-graph\">{\"@context\":\"https:\/\/schema.org\",\"@graph\":[{\"@type\":[\"Person\",\"Organization\"],\"@id\":\"https:\/\/info.salvatore-s.com\/#\/schema\/person\/83aa00575570201828dc1d3a71282fc5\",\"name\":\"admin\",\"image\":{\"@type\":\"ImageObject\",\"@id\":\"https:\/\/info.salvatore-s.com\/#personlogo\",\"inLanguage\":\"fr-FR\",\"url\":\"https:\/\/secure.gravatar.com\/avatar\/652f9f9ce8d9749f4d44f6963cc4edc92f22777ba024680a47bb64b5c58f2c08?s=96&d=mm&r=g\",\"contentUrl\":\"https:\/\/secure.gravatar.com\/avatar\/652f9f9ce8d9749f4d44f6963cc4edc92f22777ba024680a47bb64b5c58f2c08?s=96&d=mm&r=g\",\"caption\":\"admin\"},\"logo\":{\"@id\":\"https:\/\/info.salvatore-s.com\/#personlogo\"},\"sameAs\":[\"https:\/\/info.salvatore-s.com\"]},{\"@type\":\"WebSite\",\"@id\":\"https:\/\/info.salvatore-s.com\/#website\",\"url\":\"https:\/\/info.salvatore-s.com\/\",\"name\":\"Lab Wordpress\",\"description\":\"Cours Superprof\",\"publisher\":{\"@id\":\"https:\/\/info.salvatore-s.com\/#\/schema\/person\/83aa00575570201828dc1d3a71282fc5\"},\"potentialAction\":[{\"@type\":\"SearchAction\",\"target\":{\"@type\":\"EntryPoint\",\"urlTemplate\":\"https:\/\/info.salvatore-s.com\/?s={search_term_string}\"},\"query-input\":\"required name=search_term_string\"}],\"inLanguage\":\"fr-FR\"},{\"@type\":\"ImageObject\",\"@id\":\"https:\/\/info.salvatore-s.com\/index.php\/produit\/cours-5h\/#primaryimage\",\"inLanguage\":\"fr-FR\",\"url\":\"https:\/\/info.salvatore-s.com\/wp-content\/uploads\/2021\/12\/virtual-learning-5550480_1920.jpg\",\"contentUrl\":\"https:\/\/info.salvatore-s.com\/wp-content\/uploads\/2021\/12\/virtual-learning-5550480_1920.jpg\",\"width\":1920,\"height\":1277},{\"@type\":\"WebPage\",\"@id\":\"https:\/\/info.salvatore-s.com\/index.php\/produit\/cours-5h\/#webpage\",\"url\":\"https:\/\/info.salvatore-s.com\/index.php\/produit\/cours-5h\/\",\"name\":\"Cours 8h \u00e0 domicile - Lab Wordpress\",\"isPartOf\":{\"@id\":\"https:\/\/info.salvatore-s.com\/#website\"},\"primaryImageOfPage\":{\"@id\":\"https:\/\/info.salvatore-s.com\/index.php\/produit\/cours-5h\/#primaryimage\"},\"datePublished\":\"2021-12-13T16:58:09+00:00\",\"dateModified\":\"2022-02-22T16:52:25+00:00\",\"breadcrumb\":{\"@id\":\"https:\/\/info.salvatore-s.com\/index.php\/produit\/cours-5h\/#breadcrumb\"},\"inLanguage\":\"fr-FR\",\"potentialAction\":[{\"@type\":\"ReadAction\",\"target\":[\"https:\/\/info.salvatore-s.com\/index.php\/produit\/cours-5h\/\"]}]},{\"@type\":\"BreadcrumbList\",\"@id\":\"https:\/\/info.salvatore-s.com\/index.php\/produit\/cours-5h\/#breadcrumb\",\"itemListElement\":[{\"@type\":\"ListItem\",\"position\":1,\"name\":\"Accueil\",\"item\":\"https:\/\/info.salvatore-s.com\/\"},{\"@type\":\"ListItem\",\"position\":2,\"name\":\"Boutique\",\"item\":\"https:\/\/info.salvatore-s.com\/index.php\/boutique\/\"},{\"@type\":\"ListItem\",\"position\":3,\"name\":\"Cours 8h \u00e0 domicile\"}]}]}<\/script>\n<!-- \/ Yoast SEO plugin. -->","yoast_head_json":{"title":"Cours 8h \u00e0 domicile - Lab Wordpress","robots":{"index":"noindex","follow":"follow","max-snippet":"max-snippet:-1","max-image-preview":"max-image-preview:large","max-video-preview":"max-video-preview:-1"},"og_locale":"fr_FR","og_type":"article","og_title":"Cours 8h \u00e0 domicile - Lab Wordpress","og_description":"Cours complet de cr\u00e9ation de sites Web. La dur\u00e9e est de 8 heures avec une pause d'une heure.  La m\u00e9thode utilis\u00e9e WordPress. Les th\u00e8mes abord\u00e9s sont: L'h\u00e9bergement. Le nom du domaine.  La base de donn\u00e9e. L'acc\u00e8s au service provider via interface Web et FTP (Filezilla). La cr\u00e9ation d'un site simple. La transformation du site simple en e-commerce. La personnalisation du site en codage CSS. &nbsp;","og_url":"https:\/\/info.salvatore-s.com\/index.php\/produit\/cours-5h\/","og_site_name":"Lab Wordpress","article_modified_time":"2022-02-22T16:52:25+00:00","og_image":[{"width":1920,"height":1277,"url":"https:\/\/info.salvatore-s.com\/wp-content\/uploads\/2021\/12\/virtual-learning-5550480_1920.jpg","type":"image\/jpeg"}],"twitter_card":"summary_large_image","twitter_misc":{"Dur\u00e9e de lecture estim\u00e9e":"1 minute"},"schema":{"@context":"https:\/\/schema.org","@graph":[{"@type":["Person","Organization"],"@id":"https:\/\/info.salvatore-s.com\/#\/schema\/person\/83aa00575570201828dc1d3a71282fc5","name":"admin","image":{"@type":"ImageObject","@id":"https:\/\/info.salvatore-s.com\/#personlogo","inLanguage":"fr-FR","url":"https:\/\/secure.gravatar.com\/avatar\/652f9f9ce8d9749f4d44f6963cc4edc92f22777ba024680a47bb64b5c58f2c08?s=96&d=mm&r=g","contentUrl":"https:\/\/secure.gravatar.com\/avatar\/652f9f9ce8d9749f4d44f6963cc4edc92f22777ba024680a47bb64b5c58f2c08?s=96&d=mm&r=g","caption":"admin"},"logo":{"@id":"https:\/\/info.salvatore-s.com\/#personlogo"},"sameAs":["https:\/\/info.salvatore-s.com"]},{"@type":"WebSite","@id":"https:\/\/info.salvatore-s.com\/#website","url":"https:\/\/info.salvatore-s.com\/","name":"Lab Wordpress","description":"Cours Superprof","publisher":{"@id":"https:\/\/info.salvatore-s.com\/#\/schema\/person\/83aa00575570201828dc1d3a71282fc5"},"potentialAction":[{"@type":"SearchAction","target":{"@type":"EntryPoint","urlTemplate":"https:\/\/info.salvatore-s.com\/?s={search_term_string}"},"query-input":"required name=search_term_string"}],"inLanguage":"fr-FR"},{"@type":"ImageObject","@id":"https:\/\/info.salvatore-s.com\/index.php\/produit\/cours-5h\/#primaryimage","inLanguage":"fr-FR","url":"https:\/\/info.salvatore-s.com\/wp-content\/uploads\/2021\/12\/virtual-learning-5550480_1920.jpg","contentUrl":"https:\/\/info.salvatore-s.com\/wp-content\/uploads\/2021\/12\/virtual-learning-5550480_1920.jpg","width":1920,"height":1277},{"@type":"WebPage","@id":"https:\/\/info.salvatore-s.com\/index.php\/produit\/cours-5h\/#webpage","url":"https:\/\/info.salvatore-s.com\/index.php\/produit\/cours-5h\/","name":"Cours 8h \u00e0 domicile - Lab Wordpress","isPartOf":{"@id":"https:\/\/info.salvatore-s.com\/#website"},"primaryImageOfPage":{"@id":"https:\/\/info.salvatore-s.com\/index.php\/produit\/cours-5h\/#primaryimage"},"datePublished":"2021-12-13T16:58:09+00:00","dateModified":"2022-02-22T16:52:25+00:00","breadcrumb":{"@id":"https:\/\/info.salvatore-s.com\/index.php\/produit\/cours-5h\/#breadcrumb"},"inLanguage":"fr-FR","potentialAction":[{"@type":"ReadAction","target":["https:\/\/info.salvatore-s.com\/index.php\/produit\/cours-5h\/"]}]},{"@type":"BreadcrumbList","@id":"https:\/\/info.salvatore-s.com\/index.php\/produit\/cours-5h\/#breadcrumb","itemListElement":[{"@type":"ListItem","position":1,"name":"Accueil","item":"https:\/\/info.salvatore-s.com\/"},{"@type":"ListItem","position":2,"name":"Boutique","item":"https:\/\/info.salvatore-s.com\/index.php\/boutique\/"},{"@type":"ListItem","position":3,"name":"Cours 8h \u00e0 domicile"}]}]}},"_links":{"self":[{"href":"https:\/\/info.salvatore-s.com\/index.php\/wp-json\/wp\/v2\/product\/129","targetHints":{"allow":["GET"]}}],"collection":[{"href":"https:\/\/info.salvatore-s.com\/index.php\/wp-json\/wp\/v2\/product"}],"about":[{"href":"https:\/\/info.salvatore-s.com\/index.php\/wp-json\/wp\/v2\/types\/product"}],"replies":[{"embeddable":true,"href":"https:\/\/info.salvatore-s.com\/index.php\/wp-json\/wp\/v2\/comments?post=129"}],"wp:featuredmedia":[{"embeddable":true,"href":"https:\/\/info.salvatore-s.com\/index.php\/wp-json\/wp\/v2\/media\/422"}],"wp:attachment":[{"href":"https:\/\/info.salvatore-s.com\/index.php\/wp-json\/wp\/v2\/media?parent=129"}],"wp:term":[{"taxonomy":"product_cat","embeddable":true,"href":"https:\/\/info.salvatore-s.com\/index.php\/wp-json\/wp\/v2\/product_cat?post=129"},{"taxonomy":"product_tag","embeddable":true,"href":"https:\/\/info.salvatore-s.com\/index.php\/wp-json\/wp\/v2\/product_tag?post=129"}],"curies":[{"name":"wp","href":"https:\/\/api.w.org\/{rel}","templated":true}]}}